7 composite?
True
Is 3015019561 composite?
True
Is 789639187 a prime number?
True
Is 232359971 a composite number?
False
Is 201901400929 prime?
False
Is 1370066441 a composite number?
False
Is 60126466121 a composite number?
False
Is 13297265359 a composite number?
True
Is 2310298387 a composite number?
False
Is 255585047 prime?
True
Is 101327879 a prime number?
True
Is 113819707 a prime number?
False
Is 14433158029 composite?
False
Is 10149575273 a composite number?
False
Is 20000108159 a prime number?
False
Is 154227917 a composite number?
True
Is 9735906959 composite?
False
Is 2178576667 a prime number?
True
Is 60138763 a composite number?
False
Is 342339923 a prime number?
True
Is 2475753613 a prime number?
False
Is 2106511793 a composite number?
True
Is 6104946691 composite?
True
Is 3392253989 composite?
False
Is 3009104387 prime?
False
Is 1575999959 composite?
False
Is 28856206859 a prime number?
True
Is 2744311429 composite?
True
Is 2685157253 a composite number?
True
Is 950583343 prime?
False
Is 5566437503 prime?
False
Is 43585274407 composite?
True
Is 1366246862 composite?
True
Is 65331686923 composite?
True
Is 135444753053 a prime number?
True
Is 4546076527 composite?
True
Is 8068846985 prime?
False
Is 61392137783 composite?
True
Is 23005626887 a composite number?
False
Is 925526663 a prime number?
True
Is 1094955517 composite?
False
Is 984011981 a prime number?
True
Is 644229367 a composite number?
True
Is 446360669 composite?
False
Is 395527039 a composite number?
True
Is 6243848647 composite?
True
Is 875187581 a prime number?
True
Is 2490032719 a composite number?
False
Is 1814171741 a prime number?
True
Is 37131950293 a composite number?
False
Is 6322162337 a prime number?
True
Is 21675481297 composite?
False
Is 7121893567 a composite number?
False
Is 54937749401 a composite number?
False
Is 248235821 prime?
True
Is 4459557673 a composite number?
False
Is 909014489 prime?
False
Is 968365873 a composite number?
True
Is 103915611941 a composite number?
False
Is 5829944789 prime?
True
Is 84254350535 a composite number?
True
Is 7223420417 a composite number?
False
Is 43956829401 prime?
False
Is 174018203 prime?
False
Is 3109059907 a composite number?
False
Is 4600662851 a prime number?
True
Is 143246963 composite?
False
Is 75788149555 a composite number?
True
Is 162847719623 a prime number?
True
Is 1470044657 a composite number?
False
Is 1420197871 composite?
True
Is 1505373641 a composite number?
False
Is 136126231 composite?
False
Is 44997399445 composite?
True
Is 11593038253 a prime number?
False
Is 4411306771 composite?
False
Is 175789721 a prime number?
True
Is 1576106614 a prime number?
False
Is 330821501 prime?
True
Is 831622549 a composite number?
False
Is 2933424829 prime?
True
Is 212809575889 prime?
True
Is 17374862993 a prime number?
True
Is 84128398609 prime?
False
Is 4281291733 composite?
True
Is 344578417 prime?
False
Is 10697352283 a composite number?
True
Is 20521699861 a prime number?
False
Is 2766749213 a composite number?
True
Is 422073901 composite?
True
Is 194678383 a prime number?
True
Is 86747771 a prime number?
False
Is 8087057497 a prime number?
True
Is 110971643533 a prime number?
False
Is 70732108441 composite?
True
Is 6826612841 composite?
False
Is 482128637 a composite number?
True
Is 3746828231 composite?
False
Is 1061855807 a composite number?
True
Is 246804977 a prime number?
True
Is 583513523 a prime number?
True
Is 89293964861 prime?
True
Is 44847817619 a composite number?
True
Is 7929706487 prime?
False
Is 24816188687 a prime number?
False
Is 23256773933 a prime number?
True
Is 4073907679 a prime number?
True
Is 636729329 composite?
False
Is 5195303797 a composite number?
False
Is 2449089259 a prime number?
True
Is 26016234941 a prime number?
True
Is 365822627 a prime number?
True
Is 423039314 a prime number?
False
Is 310656367655 a composite number?
True
Is 1082096731 composite?
False
Is 1370030897 prime?
True
Is 712251377 a prime number?
True
Is 33043539967 prime?
False
Is 808605989 prime?
True
Is 6844729247 a composite number?
False
Is 40989395483 prime?
False
Is 2473703237 composite?
False
Is 209197701683 a prime number?
True
Is 9002651765 composite?
True
Is 2168339939 a prime number?
False
Is 9607952077 a prime number?
True
Is 10673837051 prime?
True
Is 158598887 a prime number?
True
Is 122789167 composite?
True
Is 1329231817 prime?
True
Is 751930199 prime?
True
Is 2769580537 composite?
True
Is 16365246407 prime?
False
Is 48624771571 prime?
False
Is 3667659001 a prime number?
True
Is 69763227 a prime number?
False
Is 1051755113 composite?
False
Is 16400267567 prime?
True
Is 7713171547 a prime number?
True
Is 76538414653 a prime number?
True
Is 40555224421 a prime number?
False
Is 312278845 prime?
False
Is 14509405177 composite?
True
Is 270008819 composite?
False
Is 21694150685 a composite number?
True
Is 1256957831 a composite number?
True
Is 611288513 composite?
True
Is 4431803477 composite?
True
Is 1660767547 a prime number?
True
Is 2160924191 a composite number?
False
Is 2441194673 a prime number?
False
Is 783481079 a prime number?
True
Is 2395205371 composite?
True
Is 14644663849 a prime number?
True
Is 10151794903 a prime number?
True
Is 433860421 prime?
False
Is 13705695823 a composite number?
False
Is 3199227737 composite?
False
Is 19348919 composite?
False
Is 3746818991 prime?
False
Is 14893643041 a composite number?
True
Is 912347977 composite?
True
Is 2812109633 prime?
True
Is 1194843103 a composite number?
False
Is 118418549 a composite number?
True
Is 31603214171 composite?
False
Is 14695902899 prime?
True
Is 149193903707 a prime number?
False
Is 22699786849 a composite number?
False
Is 18639583 a composite number?
True
Is 27208750957 a prime number?
True
Is 523842720493 a composite number?
False
Is 494096329 a prime number?
False
Is 179969481257 prime?
True
Is 854034197 a prime number?
True
Is 241342022797 a composite number?
False
Is 26560297931 prime?
True
Is 668439307 a composite number?
False
Is 9238903903 a composite number?
False
Is 605648551 a composite number?
False
Is 2052838421 a prime number?
True
Is 6362383513 composite?
False
Is 4998990613 prime?
True
Is 20397197897 prime?
False
Is 3841607051 composite?
True
Is 500642195 prime?
False
Is 194621426347 prime?
False
Is 6165328303 composite?
True
Is 248238589 prime?
True
Is 33961746353 a composite number?
True
Is 543525979 composite?
True
Is 66414147643 a composite number?
False
Is 513510295 a prime number?
False
Is 106938428461 a composite number?
False
Is 45702226463 a composite number?
False
Is 4693671311 composite?
True
Is 374937166 prime?
False
Is 242399669 a prime number?
True
Is 281929957 prime?
True
Is 61941953531 prime?
True
Is 1249503097 a composite number?
False
Is 35568477877 a composite number?
False
Is 28878063657 a prime number?
False
Is 10103063 composite?
True
Is 25139823017 a prime number?
False
Is 11093658281 a prime number?
False
Is 7513658287 prime?
False
Is 81376490215 composite?
True
Is 1402364006 a prime number?
False
Is 1944681569 prime?
True
Is 2674117717 a composite number?
True
Is 311577131 composite?
True
Is 323702149 a prime number?
False
Is 1818320431 composite?
True
Is 3416522201 composite?
True
Is 303959550641 prime?
True
Is 5825228443 prime?
True
Is 577058137 prime?
True
Is 3985123559 composite?
False
Is 919550041 a composite number?
False
Is 1091863073 a prime number?
False
Is 616000173479 a composite number?
False
Is 787213657 prime?
True
Is 325963795 a prime number?
False
Is 5129530337 a composite number?
True
Is 13295705551 composite?
False
Is 1359378641 a composite number?
False
Is 10504975247 composite?
True
Is 180080029 a prime number?
False
Is 35526975791 a prime number?
True
Is 167617519 composite?
True
Is 44466092351 composite?
True
Is 44585605769 a composite number?
True
Is 33541142065 a prime number?
False
Is 127105001939 a composite number?
False
Is 2641798153 composite?
False
Is 3684264491 a prime number?
True
Is 945344111 prime?
True
Is 50581511999 a prime number?
True
Is 5735574751 prime?
True
Is 14891613389 a prime number?
False
Is 25721627 prime?
True
Is 14034682321 composite?
True
Is 23261269 composite?
False
Is 639307429 a prime number?
False
Is 13766702626 prime?
F